NOAA-Style Climate Reports


Report for 2019 June
                   MONTHLY CLIMATOLOGICAL SUMMARY for JUN 2019


NAME: KX5I                  CITY: Hogshooter Valley, Bartlesville  STATE:  OK                 
ELEV: 720 ft    LAT: 36.7 N    LONG: 95.9 W


                   TEMPERATURE (F), RAIN (in), WIND SPEED (mph)

                                         HEAT   COOL         AVG
      MEAN                               DEG    DEG          WIND                  DOM
DAY   TEMP   HIGH  TIME    LOW   TIME    DAYS   DAYS   RAIN  SPEED   HIGH  TIME    DIR
---------------------------------------------------------------------------------------
01    74.6   88.1  15:01    0.0  17:33   21.0    0.0   0.02   2.8    15.0  15:45   SW
02    76.5   87.6  16:27   65.8  06:37    0.0   11.7   0.00   0.3    12.0  12:15   NE
03    73.8   84.6  13:15   66.0  06:12    0.0   10.3   0.00   2.6    18.0  13:45   ESE
04    75.9   86.1  16:21   67.2  04:37    0.0   11.6   0.00   4.5    20.0  10:48   S
05    79.0   91.9  16:20   68.6  06:34    0.0   15.2   0.01   3.9    22.0  19:16   S
06    71.5   80.2  14:41   65.3  19:01    0.0    7.8   1.03   1.1    28.0  17:25   ESE
07    75.9   88.3  16:45   65.9  03:58    0.0   12.1   0.01   2.0    16.0  19:45   N
08    77.7   91.3  17:56   63.8  06:24    0.0   12.6   0.00   0.0     7.0  11:55   ENE
09    72.5   82.9  15:04   64.7  04:41    0.0    8.8   0.04   4.5    23.0  22:50   NNW
10    69.4   80.2  17:05   57.2  23:59    0.0    3.7   0.00   4.3    19.0  10:40   N
11    68.2   81.6  17:12   52.9  06:18    0.0    2.2   0.00   3.1    20.0  13:45   SSE
12    70.2   80.5  17:02   59.3  23:59    0.0    4.9   0.09   2.8    17.0  17:10   NNW
13    68.2   81.6  16:05   49.6  06:16    0.0    0.6   0.00   0.2    12.0  17:00   SE
14    72.1   83.4  16:14   61.0  08:57    0.0    7.2   0.10   6.4    29.0  11:49   SSE
15    75.6   85.0  17:09   64.3  08:05    0.0    9.7   1.83   6.0    34.0  02:50   SSE
16    72.7   78.3  15:59   66.1  06:38    0.0    7.2   0.14   1.1    23.0  03:40   NE
17    73.5   83.6  16:04   67.6  04:13    0.0   10.6   0.02   0.6    13.0  13:45   NE
18    75.2   87.2  17:51   63.8  05:50    0.0   10.5   0.25   0.8    29.0  20:45   ENE
19    73.9   83.7  17:41   65.9  00:00    0.0    9.8   0.00   2.4    16.0  15:50   WSW
---------------------------------------------------------------------------------------
      73.5   91.9     5     0.0     1    21.0  156.5   3.54   2.6    34.0    15    ESE

Max >=  90.0:  2
Max <=  32.0:  0
Min <=  32.0:  1
Min <=   0.0:  1
Max Rain    :  1.83 in ON 06/15/2019
Days of Rain: 9 (> 0.01 in) 5 (> 0.10 in) 2 (> 1.00 in)