NOAA-Style Climate Reports


Report for 2018 August
                   MONTHLY CLIMATOLOGICAL SUMMARY for AUG 2018


NAME: KX5I                  CITY: Hogshooter Valley, Bartlesville  STATE:  OK                 
ELEV: 720 ft    LAT: 36.7 N    LONG: 95.9 W


                   TEMPERATURE (F), RAIN (in), WIND SPEED (mph)

                                         HEAT   COOL         AVG
      MEAN                               DEG    DEG          WIND                  DOM
DAY   TEMP   HIGH  TIME    LOW   TIME    DAYS   DAYS   RAIN  SPEED   HIGH  TIME    DIR
---------------------------------------------------------------------------------------
01    74.4   88.3  16:55   59.0  06:36    0.0    8.7   0.00   1.2     9.0  12:20   NW
02    76.3   90.4  15:54   60.8  06:45    0.0   10.6   0.00   2.2    13.0  12:40   SSE
03    76.6   92.8  15:52   58.6  06:27    0.0   10.7   0.00   4.3    21.0  17:10   SSE
04    78.5   92.9  16:12   64.7  02:58    0.0   13.8   0.00   5.4    24.0  13:40   SSE
05    83.0   96.1  16:15   69.8  02:45    0.0   18.0   0.00   5.9    21.0  14:20   SSE
06    84.5   98.1  16:19   71.4  07:11    0.0   19.8   0.00   5.4    21.0  14:15   S
07    76.9   87.7  15:38   68.1  23:59    0.0   12.9   0.00   3.0    22.0  11:40   SSE
08    72.7   82.3  13:07   65.0  04:55    0.0    8.7   1.00   1.7    28.0  13:45   S
09    77.8   91.5  17:13   64.4  06:14    0.0   13.0   0.01   1.2    10.0  15:20   SE
10    77.1   92.1  13:18   67.0  06:23    0.0   14.5   0.00   1.2    13.0  15:15   SSE
11    78.3   91.6  15:05   65.8  07:05    0.0   13.7   0.00   1.1     9.0  17:20   SE
12    77.9   92.1  14:39   67.9  06:37    0.0   15.0   0.00   1.7    16.0  17:30   SSE
13    75.9   82.1  13:55   71.6  02:46    0.0   11.8   0.02   4.6    19.0  14:35   SE
14    75.9   82.5  14:06   71.7  06:25    0.0   12.1   0.99   6.5    20.0  14:20   SSE
15    77.9   87.9  17:31   70.4  05:39    0.0   14.2   0.01   2.4    14.0  18:37   W
16    76.3   95.9  15:18   66.1  06:30    0.0   16.0   0.20   3.0    31.0  16:50   WNW
17    72.6   84.9  16:10   69.3  04:40    0.0   12.1   0.65   2.2    20.0  07:35   S
---------------------------------------------------------------------------------------
      77.2   98.1     6    58.6     3     0.0  225.4   2.88   3.1    31.0    16    SSE

Max >=  90.0:  10
Max <=  32.0:  0
Min <=  32.0:  0
Min <=   0.0:  0
Max Rain    :  1.00 in ON 08/08/2018
Days of Rain: 5 (> 0.01 in) 4 (> 0.10 in) 0 (> 1.00 in)