NOAA-Style Climate Reports


Report for 2018 January
                   MONTHLY CLIMATOLOGICAL SUMMARY for JAN 2018


NAME: KX5I                  CITY: Hogshooter Valley, Bartlesville  STATE:  OK                 
ELEV: 720 ft    LAT: 36.7 N    LONG: 95.9 W


                   TEMPERATURE (F), RAIN (in), WIND SPEED (mph)

                                         HEAT   COOL         AVG
      MEAN                               DEG    DEG          WIND                  DOM
DAY   TEMP   HIGH  TIME    LOW   TIME    DAYS   DAYS   RAIN  SPEED   HIGH  TIME    DIR
---------------------------------------------------------------------------------------
01     9.1   17.0  15:25    1.4  07:44   55.8    0.0   0.00   4.6    14.0  00:28   NNE
02    16.3   26.9  14:52   11.8  01:19   45.7    0.0   0.00   3.1    14.0  13:25   E
03    22.1   37.6  14:38   10.0  05:41   41.2    0.0   0.00   4.4    21.0  13:15   NNW
04    22.6   37.1  15:36   12.1  06:54   40.4    0.0   0.00   1.3    11.0  16:40   NE
05    29.3   48.5  14:27   13.7  04:54   33.9    0.0   0.00   2.7    14.0  08:20   NE
06    33.5   48.7  15:32   19.6  07:47   30.8    0.0   0.00   5.3    18.0  21:45   NE
07    39.6   42.1  07:38   34.2  23:49   26.9    0.0   0.40   6.4    24.0  04:55   SE
08    37.0   52.1  15:11   27.6  23:56   25.2    0.0   0.01   2.3    11.0  03:32   NW
09    36.2   44.9  14:19   23.9  05:12   30.6    0.0   0.00   5.8    24.0  17:20   SSE
10    49.7   60.2  15:21   42.4  01:50   13.7    0.0   0.00  13.2    33.0  21:10   SSE
11    34.7   55.4  05:15   19.0  23:43   27.8    0.0   0.00  12.1    31.0  10:05   NNW
12    21.0   28.2  15:43   12.7  07:48   44.5    0.0   0.00   8.1    25.0  00:20   NNW
13    24.7   30.5  14:57   19.3  07:18   40.1    0.0   0.00   5.0    18.0  00:10   N
14    33.1   46.4  14:41   26.7  03:36   28.4    0.0   0.00   4.9    22.0  12:50   SSW
15    23.9   38.5  05:31    8.6  23:54   41.5    0.0   0.00   7.5    25.0  13:20   NNW
16     7.6   15.0  15:14    0.1  23:54   57.5    0.0   0.00   5.4    19.0  02:40   NW
17    13.7   30.3  15:55   -2.1  07:32   50.9    0.0   0.00   2.9    14.0  14:44   S
18    31.4   50.8  15:24   11.7  02:33   33.8    0.0   0.00   7.2    29.0  12:10   S
---------------------------------------------------------------------------------------
      27.0   60.2    10    -2.1    17   668.6    0.0   0.41   5.7    33.0    10    N

Max >=  90.0:  0
Max <=  32.0:  6
Min <=  32.0:  16
Min <=   0.0:  1
Max Rain    :  0.40 in ON 01/07/2018
Days of Rain: 1 (> 0.01 in) 1 (> 0.10 in) 0 (> 1.00 in)