NOAA-Style Climate Reports


Report for 2018 December
                   MONTHLY CLIMATOLOGICAL SUMMARY for DEC 2018


NAME: KX5I                  CITY: Hogshooter Valley, Bartlesville  STATE:  OK                 
ELEV: 720 ft    LAT: 36.7 N    LONG: 95.9 W


                   TEMPERATURE (F), RAIN (in), WIND SPEED (mph)

                                         HEAT   COOL         AVG
      MEAN                               DEG    DEG          WIND                  DOM
DAY   TEMP   HIGH  TIME    LOW   TIME    DAYS   DAYS   RAIN  SPEED   HIGH  TIME    DIR
---------------------------------------------------------------------------------------
01    49.4   55.3  16:54   40.9  23:58   16.9    0.0   0.01   9.9    28.0  20:10   SW
02    42.1   49.2  13:49   36.5  23:56   22.1    0.0   0.00   8.9    24.0  01:56   WNW
03    32.5   36.5  00:00   29.7  22:33   31.9    0.0   0.00   7.1    17.0  05:09   NW
04    30.9   35.7  15:56   27.0  06:54   33.7    0.0   0.00   4.6    14.0  09:45   WNW
05    35.9   51.4  14:08   18.6  07:35   30.0    0.0   0.00   4.9    17.0  14:50   S
06    41.0   46.8  12:14   31.6  23:57   25.8    0.0   0.00   6.4    18.0  00:15   NNE
07    32.4   36.6  14:17   28.7  05:23   32.3    0.0   0.00   5.5    14.0  02:35   NNE
08    34.6   39.5  13:28   28.2  07:52   31.1    0.0   0.00   5.9    18.0  10:40   NNE
09    30.4   43.4  15:28   21.5  07:17   32.5    0.0   0.00   3.7    13.0  00:10   N
10    30.3   51.4  15:25   16.8  07:22   30.9    0.0   0.00   1.6    12.0  14:50   SSW
11    41.1   62.6  14:25   18.6  05:45   24.4    0.0   0.00   6.7    34.0  13:20   S
12    46.8   59.7  14:37   26.1  07:51   22.1    0.0   0.00   4.7    18.0  14:00   SSE
13    46.8   53.2  01:49   39.6  16:51   18.6    0.0   0.30   7.6    26.0  16:54   N
14    40.7   46.3  16:09   36.4  23:57   23.6    0.0   0.00  10.1    27.0  03:10   NNW
15    38.8   57.7  14:42   26.2  23:57   23.0    0.0   0.00   3.6    15.0  09:23   N
16    40.3   61.8  15:31   25.3  00:46   21.5    0.0   0.00   1.3    11.0  14:28   N
---------------------------------------------------------------------------------------
      38.4   62.6    11    16.8    10   420.6    0.0   0.31   5.8    34.0    11    N

Max >=  90.0:  0
Max <=  32.0:  0
Min <=  32.0:  12
Min <=   0.0:  0
Max Rain    :  0.30 in ON 12/13/2018
Days of Rain: 1 (> 0.01 in) 1 (> 0.10 in) 0 (> 1.00 in)