NOAA-Style Climate Reports


Report for 2017 June
                   MONTHLY CLIMATOLOGICAL SUMMARY for JUN 2017


NAME: KX5I                  CITY: Hogshooter Valley, Bartlesville  STATE:  OK                 
ELEV: 720 ft    LAT: 36.7 N    LONG: 95.9 W


                   TEMPERATURE (F), RAIN (in), WIND SPEED (mph)

                                         HEAT   COOL         AVG
      MEAN                               DEG    DEG          WIND                  DOM
DAY   TEMP   HIGH  TIME    LOW   TIME    DAYS   DAYS   RAIN  SPEED   HIGH  TIME    DIR
---------------------------------------------------------------------------------------
01    72.7   85.7  17:16   61.9  06:03    0.0    8.8   0.00   2.4    23.0  19:40   ESE
02    72.3   83.2  14:54   58.6  06:22    0.0    5.9   0.00   1.9    15.0  12:15   ESE
03    72.7   82.3  16:51   65.1  04:21    0.0    8.7   0.17   1.2    18.0  17:30   ESE
04    72.9   79.4  14:20   67.7  02:13    0.0    8.5   0.00   1.1    14.0  14:20   ESE
05    77.0   88.9  17:07   66.7  05:29    0.0   12.8   0.00   1.7    18.0  15:45   NE
06    75.9   88.0  16:40   62.6  05:54    0.0   10.3   0.00   3.1    18.0  13:30   ENE
07    70.9   82.8  17:13   58.0  05:04    0.0    5.4   0.00   1.4    14.0  11:50   NE
08    69.6   84.1  18:44   51.6  06:27    0.0    2.8   0.00   1.0    12.0  12:21   ESE
09    71.9   85.7  15:42   55.0  06:10    0.0    5.3   0.00   4.5    22.0  13:50   SE
10    77.1   88.6  14:47   65.3  06:14    0.0   12.0   0.00   9.5    28.0  15:20   SSE
11    79.9   89.8  13:27   69.6  06:15    0.0   14.7   0.00  10.4    29.0  15:15   SSE
12    81.0   91.3  16:15   69.1  05:57    0.0   15.2   0.00   8.2    28.0  13:50   SSE
13    82.8   91.2  15:04   74.3  06:23    0.0   17.8   0.00   9.6    32.0  14:10   SSE
14    83.2   90.9  14:25   75.8  09:02    0.0   18.4   0.02   8.6    26.0  12:25   S
15    82.9   95.1  15:11   66.5  21:58    0.0   15.8   0.77   7.0    42.0  21:40   SE
16    79.4   94.1  16:59   63.8  06:20    0.0   13.9   0.02   5.8    19.0  00:15   SSW
17    82.1   90.0  16:32   74.8  08:27    0.0   17.4   0.00   8.1    28.0  14:25   SSE
18    73.9   82.0  18:36   67.5  07:29    0.0    9.8   0.59   2.7    24.0  06:15   NNW
19    71.0   83.8  17:26   57.8  05:57    0.0    5.8   0.00   0.0     6.0  16:30   SSE
20    76.3   91.8  17:19   57.9  06:14    0.0    9.9   0.01   3.1    14.0  14:10   SSE
21    78.1   91.7  14:54   62.5  06:14    0.0   12.1   0.00   4.4    21.0  16:10   SSE
22    78.3   89.2  17:28   64.6  04:52    0.0   11.9   0.00   3.6    18.0  09:10   SE
---------------------------------------------------------------------------------------
      76.4   95.1    15    51.6     8     0.0  243.1   1.58   4.5    42.0    15    ESE

Max >=  90.0:  8
Max <=  32.0:  0
Min <=  32.0:  0
Min <=   0.0:  0
Max Rain    :  0.77 in ON 06/15/2017
Days of Rain: 5 (> 0.01 in) 3 (> 0.10 in) 0 (> 1.00 in)