NOAA-Style Climate Reports


Report for 2019 April
                   MONTHLY CLIMATOLOGICAL SUMMARY for APR 2019


NAME: KX5I                  CITY: Hogshooter Valley, Bartlesville  STATE:  OK                 
ELEV: 720 ft    LAT: 36.7 N    LONG: 95.9 W


                   TEMPERATURE (F), RAIN (in), WIND SPEED (mph)

                                         HEAT   COOL         AVG
      MEAN                               DEG    DEG          WIND                  DOM
DAY   TEMP   HIGH  TIME    LOW   TIME    DAYS   DAYS   RAIN  SPEED   HIGH  TIME    DIR
---------------------------------------------------------------------------------------
01    40.5   56.6  16:16   27.3  04:24   23.1    0.0   0.00   1.9    16.0  16:05   ENE
02    52.2   71.5  16:46   30.7  05:11   13.9    0.0   0.00   3.1    21.0  10:30   SSE
03    60.4   71.8  17:05   47.0  07:02    5.6    0.0   0.17   7.5    30.0  15:30   SSE
04    57.0   64.3  14:09   48.3  23:54    8.7    0.0   0.15   1.6    15.0  01:15   NE
05    57.6   73.4  16:43   40.6  06:52    8.0    0.0   0.00   1.1    17.0  14:25   E
06    62.3   72.6  14:23   50.4  03:01    3.5    0.0   0.00   5.3    25.0  14:30   SE
07    66.6   79.9  16:05   56.8  03:11    0.0    3.3   0.00   3.7    16.0  12:42   SSE
08    66.9   83.2  17:19   54.4  07:37    0.0    3.8   0.00   1.2    15.0  13:45   N
09    68.4   88.8  16:06   46.9  07:08    0.0    2.9   0.00   2.3    15.0  17:30   SSE
10    76.1   88.3  14:56   62.6  03:38    0.0   10.5   0.00  14.2    41.0  11:55   SSE
11    54.8   77.7  00:00   42.0  23:59    5.2    0.0   0.00  11.8    29.0  03:29   WSW
12    47.7   62.9  16:11   36.3  04:06   15.4    0.0   0.00   2.7    19.0  08:55   WNW
13    48.5   53.0  13:48   43.7  01:50   16.6    0.0   0.15   7.8    34.0  19:57   NE
14    52.1   66.6  17:34   43.6  01:30    9.9    0.0   0.17   6.0    25.0  00:25   WNW
15    62.8   80.6  16:34   41.5  01:42    4.0    0.0   0.00   9.3    33.0  13:55   S
16    69.7   78.3  15:45   62.4  06:57    0.0    5.4   0.00  12.6    30.0  13:50   S
17    70.7   79.6  13:32   58.7  23:56    0.0    4.2   0.25  11.1    47.0  23:00   SSE
18    59.5   67.4  16:09   53.5  08:25    4.5    0.0   0.17   9.5    25.0  15:05   NNW
19    55.9   66.1  16:41   41.8  23:58   11.1    0.0   0.00   7.9    28.0  11:05   NNW
20    58.6   79.3  16:15   34.5  06:46    8.1    0.0   0.00   3.2    20.0  12:00   SSE
21    69.8   83.6  16:15   55.2  06:44    0.0    4.4   0.00  10.1    38.0  15:30   SSE
22    67.9   71.7  18:36   61.8  07:09    0.0    1.7   0.00   6.4    22.0  09:10   S
23    58.7   65.4  00:00   54.9  10:57    4.8    0.0   0.62   2.9    14.0  11:00   N
---------------------------------------------------------------------------------------
      60.2   88.8     9    27.3     1   142.3   36.1   1.68   6.2    47.0    17    SSE

Max >=  90.0:  0
Max <=  32.0:  0
Min <=  32.0:  2
Min <=   0.0:  0
Max Rain    :  0.62 in ON 04/23/2019
Days of Rain: 7 (> 0.01 in) 7 (> 0.10 in) 0 (> 1.00 in)