NOAA-Style Climate Reports


Report for 2018 June
                   MONTHLY CLIMATOLOGICAL SUMMARY for JUN 2018


NAME: KX5I                  CITY: Hogshooter Valley, Bartlesville  STATE:  OK                 
ELEV: 720 ft    LAT: 36.7 N    LONG: 95.9 W


                   TEMPERATURE (F), RAIN (in), WIND SPEED (mph)

                                         HEAT   COOL         AVG
      MEAN                               DEG    DEG          WIND                  DOM
DAY   TEMP   HIGH  TIME    LOW   TIME    DAYS   DAYS   RAIN  SPEED   HIGH  TIME    DIR
---------------------------------------------------------------------------------------
01    82.9   92.2  16:05   69.9  06:10    0.0   16.0   0.00   4.9    22.0  12:55   SE
02    80.9   88.4  13:30   70.4  23:58    0.0   14.4   0.00   6.1    22.0  14:40   N
03    73.6   85.4  17:23   59.0  06:31    0.0    7.2   0.00   2.0    13.0  13:15   NNE
04    71.9   84.8  12:40   55.5  06:27    0.0    5.2   0.00   2.2    18.0  13:00   S
05    75.6   89.7  16:20   59.5  05:09    0.0    9.6   0.00   3.0    17.0  12:55   SSE
06    78.8   93.1  16:41   63.9  06:04    0.0   13.5   0.00   3.1    17.0  15:20   SE
07    72.6   80.9  19:18   67.5  04:25    0.0    9.2   0.57   2.9    25.0  09:15   ESE
08    77.4   89.7  16:34   64.7  04:03    0.0   12.2   0.00   3.5    24.0  23:00   S
09    81.2   92.9  16:12   70.1  06:11    0.0   16.5   0.00   6.2    24.0  16:00   SSE
10    81.5   94.1  15:29   67.4  06:09    0.0   15.8   0.00   5.3    20.0  14:30   SSE
11    83.7   93.9  17:06   73.1  06:16    0.0   18.5   0.00   6.9    21.0  14:50   SSE
12    78.5   86.0  17:20   65.9  06:10    0.0   11.0   1.07   3.8    46.0  04:35   SE
13    82.4   94.2  15:58   70.0  04:57    0.0   17.1   0.00   3.0    13.0  18:10   SE
14    83.5   94.6  15:21   72.2  06:22    0.0   18.4   0.00   4.5    19.0  09:55   SSE
15    83.1   93.7  16:06   72.7  03:26    0.0   18.2   0.00   5.7    23.0  15:50   SSE
16    83.0   92.9  15:26   73.0  06:01    0.0   18.0   0.00   5.8    22.0  16:55   SSE
17    83.3   93.1  16:00   73.7  03:01    0.0   18.4   0.00   6.1    20.0  09:55   SSE
---------------------------------------------------------------------------------------
      79.6   94.6    14    55.5     4     0.0  239.0   1.64   4.4    46.0    12    SSE

Max >=  90.0:  10
Max <=  32.0:  0
Min <=  32.0:  0
Min <=   0.0:  0
Max Rain    :  1.07 in ON 06/12/2018
Days of Rain: 2 (> 0.01 in) 2 (> 0.10 in) 1 (> 1.00 in)