NOAA-Style Climate Reports


Report for 2018 April
                   MONTHLY CLIMATOLOGICAL SUMMARY for APR 2018


NAME: KX5I                  CITY: Hogshooter Valley, Bartlesville  STATE:  OK                 
ELEV: 720 ft    LAT: 36.7 N    LONG: 95.9 W


                   TEMPERATURE (F), RAIN (in), WIND SPEED (mph)

                                         HEAT   COOL         AVG
      MEAN                               DEG    DEG          WIND                  DOM
DAY   TEMP   HIGH  TIME    LOW   TIME    DAYS   DAYS   RAIN  SPEED   HIGH  TIME    DIR
---------------------------------------------------------------------------------------
01    35.0   43.6  00:00   29.6  19:08   28.4    0.0   0.01   8.8    26.0  07:05   NNE
02    38.4   58.7  23:59   31.2  04:41   20.0    0.0   0.00   5.2    24.0  23:45   NNE
03    54.4   69.8  09:22   37.3  23:58   11.4    0.0   0.01  13.4    46.0  10:00   NW
04    39.4   53.4  18:03   25.6  07:13   25.5    0.0   0.00   4.7    18.0  08:54   ESE
05    51.9   68.6  15:42   37.7  00:45   11.9    0.0   0.00   7.3    24.0  15:46   SE
06    45.4   58.0  09:53   31.0  22:17   20.5    0.0   0.00   8.0    31.0  14:20   NNE
07    34.3   47.4  17:17   25.3  04:26   28.6    0.0   0.00   7.0    25.0  00:40   N
08    39.5   52.1  16:18   25.1  03:07   26.4    0.0   0.00   5.0    24.0  11:45   SSE
09    44.7   59.1  13:09   31.1  02:38   19.9    0.0   0.00   3.8    22.0  11:19   NNW
10    48.7   65.9  17:36   27.2  06:49   18.4    0.0   0.00   4.6    18.0  16:45   NNE
11    66.5   81.8  15:59   51.3  03:04    0.0    1.6   0.00  11.5    38.0  17:15   S
12    71.7   83.2  16:05   61.1  05:09    0.0    7.1   0.00  15.0    37.0  15:20   SSE
13    71.2   80.6  14:19   53.4  23:55    0.0    2.0   0.19  15.2    37.0  06:10   S
14    41.2   53.4  00:00   36.2  23:39   20.2    0.0   0.00  13.6    29.0  11:25   W
15    39.2   49.6  15:06   31.3  06:59   24.6    0.0   0.00  12.5    30.0  11:17   NW
16    43.4   61.8  17:19   25.7  06:52   21.2    0.0   0.00   3.1    21.0  16:45   NNW
17    67.1   85.1  15:38   47.4  06:04    0.0    1.2   0.00   9.0    28.0  18:00   SE
18    61.3   73.4  00:00   39.9  23:58    8.3    0.0   0.00  11.3    30.0  15:00   WNW
19    47.9   60.6  16:32   34.1  05:03   17.7    0.0   0.00   4.9    18.0  11:25   N
20    54.1   69.0  17:32   36.1  06:32   12.5    0.0   0.00   6.2    24.0  14:05   ESE
21    52.3   60.9  00:15   47.6  23:22   10.8    0.0   0.60   5.3    20.0  00:36   NNW
22    51.0   54.4  23:58   47.6  00:00   14.0    0.0   0.09   7.6    21.0  12:30   NW
23    61.5   74.0  16:07   51.4  23:59    2.3    0.0   0.00   5.8    17.0  14:50   NNW
---------------------------------------------------------------------------------------
      50.4   85.1    17    25.1     8   342.6   11.9   0.90   8.2    46.0     3    NNW

Max >=  90.0:  0
Max <=  32.0:  0
Min <=  32.0:  10
Min <=   0.0:  0
Max Rain    :  0.60 in ON 04/21/2018
Days of Rain: 3 (> 0.01 in) 2 (> 0.10 in) 0 (> 1.00 in)