NOAA-Style Climate Reports


Report for 2018
                   ANNUAL CLIMATOLOGICAL SUMMARY for 2018


NAME: KX5I                  CITY: Hogshooter Valley, Bartlesville  STATE:  OK                 
ELEV: 720 ft    LAT: 36.7 N    LONG: 95.9 W


                 TEMPERATURE (F), RAIN (in), WIND SPEED (mph)

                            DEP.    HEAT    COOL
          MEAN  MEAN        FROM    DEG     DEG                          MAX  MAX  MIN   MIN
 YR  MO   MAX   MIN   MEAN  NORM    DAYS    DAYS     HI DATE   LOW DATE  >=90 <=32 <=32  <=0
---------------------------------------------------------------------------------------------
2018 01   47.8  22.4  34.3  -1.6   926.4     0.0   70.9  21   -2.1  17      0    6   24    1
2018 02   51.3  26.5  38.6  -1.1   732.8     2.8   81.6  15    8.1  12      0    2   20    0
2018 03   63.2  37.4  50.7  -0.1   457.0     1.3   78.6  16   20.0  14      0    0   10    0
2018 04   66.1  40.1  53.0  -6.8   373.9    17.3   85.1  17   25.1   8      0    0   10    0
2018 05   85.6  60.6  74.1   5.8    20.8   270.8   91.5  28    0.0  13      8    0    1    1
2018 06   90.0  68.7  79.6   0.9     0.0   431.0   96.6  28   55.5   4     16    0    0    0
2018 07   94.1  71.3  82.4   0.4     0.0   354.2  103.2  19   63.5   8     17    0    0    0
2018 08
2018 09
2018 10
2018 11
2018 12
---------------------------------------------------------------------------------------------
          71.2  46.7  58.9  -0.6  2510.9  1077.3  103.2 JUL   -2.1 JAN     41    8   65    2


                            PRECIPITATION (in)

                  DEP.    MAX         ---DAYS OF RAIN---
                  FROM    OBS.                OVER
 YR  MO  TOTAL    NORM    DAY  DATE   0.01   0.10   1.00
---------------------------------------------------------
2018 01   0.43   -0.32   0.40    7       2      1      0
2018 02   2.96    1.52   0.80   20       7      7      0
2018 03   0.95   -1.30   0.46   18       4      3      0
2018 04   1.14   -2.63   0.60   21       4      3      0
2018 05   4.57   -0.60   1.15   20      10      7      1
2018 06   3.30    0.08   1.07   12       7      6      1
2018 07   1.74   -1.41   0.57    1       7      5      0
2018 08
2018 09
2018 10
2018 11
2018 12
---------------------------------------------------------
         15.09  -17.08   1.15  MAY      41     32      2


                              WIND SPEED (mph)

                              DOM
 YR  MO    AVG     HI   DATE  DIR
----------------------------------
2018 01    6.6   37.0    22     S
2018 02    5.8   34.0     4   SSE
2018 03    6.8   42.0     6    NW
2018 04    7.5   46.0     3   NNW
2018 05    4.4   50.0     2   SSE
2018 06    5.0   53.0    26   SSE
2018 07    2.7   30.0     6    SE
2018 08
2018 09
2018 10
2018 11
2018 12
----------------------------------
           5.6   53.0   JUN   SSE