NOAA-Style Climate Reports


Report for 2019 March
                   MONTHLY CLIMATOLOGICAL SUMMARY for MAR 2019


NAME: KX5I                  CITY: Hogshooter Valley, Bartlesville  STATE:  OK                 
ELEV: 720 ft    LAT: 36.7 N    LONG: 95.9 W


                   TEMPERATURE (F), RAIN (in), WIND SPEED (mph)

                                         HEAT   COOL         AVG
      MEAN                               DEG    DEG          WIND                  DOM
DAY   TEMP   HIGH  TIME    LOW   TIME    DAYS   DAYS   RAIN  SPEED   HIGH  TIME    DIR
---------------------------------------------------------------------------------------
01    31.5   38.3  15:12   24.8  23:58   33.5    0.0   0.00   2.0    11.0  14:20   ESE
02    33.1   38.1  12:46   24.7  00:03   33.6    0.0   0.00   6.0    19.0  22:45   N
03    21.4   30.5  00:00   11.3  22:17   44.1    0.0   0.00  11.7    28.0  12:25   NNW
04    16.4   25.7  16:05    9.1  06:29   47.6    0.0   0.00   6.4    19.0  02:10   NW
05    23.8   40.1  15:05    7.2  04:04   41.4    0.0   0.00   5.0    22.0  15:25   NW
06    30.8   48.5  15:24   12.7  06:46   34.4    0.0   0.00   4.5    22.0  15:25   SE
07    44.9   55.3  13:20   31.7  00:42   21.5    0.0   0.00   7.2    24.0  10:10   ESE
08    46.3   52.4  16:02   42.0  08:27   17.8    0.0   0.00   4.2    13.0  04:15   NE
09    54.7   64.8  11:25   39.3  23:58   12.9    0.0   0.09  12.1    40.0  09:48   W
10    39.7   45.5  16:56   31.9  06:08   26.3    0.0   0.00   3.7    13.0  11:06   N
11    50.4   63.8  16:30   38.3  03:37   14.0    0.0   0.00   2.5    12.0  17:35   NNE
12    53.5   57.7  17:03   49.9  04:45   11.2    0.0   0.23   6.3    21.0  11:15   ESE
13    60.2   66.0  16:29   56.1  11:37    4.0    0.0   0.51  14.7    40.0  16:50   SE
14    47.5   63.5  00:55   41.3  23:59   12.6    0.0   0.00  13.6    31.0  08:15   W
15    42.9   53.7  15:24   28.9  23:59   23.7    0.0   0.00   7.7    23.0  11:35   NW
16    42.4   63.1  16:46   22.7  06:32   22.1    0.0   0.00   1.5    17.0  11:55   WNW
17    49.8   66.3  16:48   32.0  02:31   15.8    0.0   0.00   1.4    13.0  12:25   NE
18    52.8   65.1  16:33   42.2  08:05   11.4    0.0   0.00   3.0    15.0  09:20   NE
19    55.8   72.3  15:37   40.4  07:25    8.6    0.0   0.01   6.1    26.0  14:00   SE
---------------------------------------------------------------------------------------
      42.0   72.3    19     7.2     5   436.4    0.0   0.84   6.3    40.0     9    N

Max >=  90.0:  0
Max <=  32.0:  2
Min <=  32.0:  11
Min <=   0.0:  0
Max Rain    :  0.51 in ON 03/13/2019
Days of Rain: 3 (> 0.01 in) 2 (> 0.10 in) 0 (> 1.00 in)